{"id":3,"date":"2019-08-07T14:06:44","date_gmt":"2019-08-07T14:06:44","guid":{"rendered":"https:\/\/themes.muffingroup.com\/be\/taxi2\/?page_id=3"},"modified":"2022-02-01T17:14:03","modified_gmt":"2022-02-01T17:14:03","slug":"termeni-si-conditii","status":"publish","type":"page","link":"https:\/\/www.inreghin.ro\/taxi-bravo\/termeni-si-conditii\/","title":{"rendered":"Termeni si Conditii"},"content":{"rendered":"\n<h2 class=\"wp-block-heading\"><\/h2>\n\n\n\n<p><\/p>\n\n\n\n<h2 class=\"wp-block-heading\" id=\"cine-suntem\">Cine suntem<\/h2>\n\n\n\n<p><\/p>\n\n\n\n<p><\/p>\n\n\n\n<p>Website-ul\u00a0este administrat de Sc Transimpex Bravo Mara Srl, persoan\u0103 juridic\u0103 avand sediul \u00een Reghin, inregistrata la Registrul Comertului sub nr. J26\/180\/2013, Cod Unic de Inregistrare 31240143.<\/p>\n\n\n\n<p><\/p>\n\n\n\n<p><\/p>\n\n\n\n<p>Prin utilizarea acestui website, sunte\u021bi de acord cu aceste condi\u021bii de utilizare. \u00cen cuprinsul acestor Termeni \u0219i Condi\u021bii reg\u0103si\u021bi separat, Politica de Plat\u0103 \u0219i Politica de Renun\u021b\u0103ri \u0219i Desp\u0103gubiri.<\/p>\n\n\n\n<p>Acest document stabile\u0219te termenii \u0219i condi\u021biile \u00een care pute\u021bi utiliza website-ul www.inreghin.ro\/taxi-bravo<\/p>\n\n\n\n<p><strong>1. Accesul \u0219i utilizarea website-ului sunt supuse urm\u0103toarelor reguli, \u00een termenii \u0219i condi\u021biile de mai jos<\/strong><\/p>\n\n\n\n<ul class=\"wp-block-list\"><li>Scopul permis pentru utilizarea website-ului este ob\u021binerea de informa\u021bii \u0219i accesul la serviciile online oferite prin intermediul acestuia. Orice utilizare \u00een alte scopuri dec\u00e2t acesta nu este permis\u0103<\/li><li>\u00centreg con\u0163inutul acestui site poate fi modificat \u015fi v\u0103 este oferit \u201cca atare\u201d, f\u0103r\u0103 a se oferi nicio garan\u0163ie de niciun fel, fie aceasta expres\u0103 sau implicit\u0103<\/li><li>Acest website folose\u0219te cookie-uri pentru a furniza utilizatorilor servicii mai bune de navigare si adaptate nevoilor si interesului fiecaruia. Cookie-urile nu identific\u0103 personal utilizatori de internet \u0219i acestea pot fi dezactivate.<\/li><\/ul>\n\n\n\n<p><strong>2. Limitarea r\u0103spunderii<\/strong><\/p>\n\n\n\n<p>Dac\u0103 se consider\u0103 c\u0103 orice material pus la dispozi\u021bie pe site, postat de Sc Transimpex Bravo Mara Srl, de c\u0103tre ter\u021bi sau utilizatori, violeaza drepturile de autor sau orice alte legi \u00een vigoare, este necesar\u0103 semnalarea acestei situa\u021bii la REGHIN jud. MURES.<\/p>\n\n\n\n<p>Sunte\u021bi rugat s\u0103 revede\u021bi \u00een mod regulat aceast\u0103 sec\u021biune pentru a fi la curent cu eventualele modific\u0103ri aduse de Sc Transimpex Bravo Mara Srl.<\/p>\n\n\n\n<p><strong>3. Drepturi de autor \u0219i proprietate intelectual\u0103<\/strong><\/p>\n\n\n\n<p>Drepturile de proprietate intelectual\u0103 asupra \u00eentregului con\u0163inut al site-ului, incluz\u00e2nd f\u0103r\u0103 limitare toate textele, imaginile, elementele grafice, anima\u0163iile, elementele video, sunet etc., formulare ata\u015fate \u015fi alte elemente similare (Con\u0163inutul), apar\u0163in \u00een exclusivitate Sc Transimpex Bravo Mara Srl.<\/p>\n\n\n\n<p><strong>4. Confiden\u021bialitate<\/strong><\/p>\n\n\n\n<p>Sc Transimpex Bravo Mara Srl nu va colecta automat nicio informa\u0163ie sau date care permit identificarea persoanelor fizice (de exemplu: nume, adres\u0103, num\u0103r de telefon sau adres\u0103 de po\u015ft\u0103 electronic\u0103 \u2013 \u201eDate Personale\u201d) prin intermediul site-ului,\u00a0<strong>\u00een afara cazului \u00een care aceste informa\u0163ii ne sunt oferite \u00een mod voluntar de c\u0103tre utilizatorii site-ului, prin intermediul sec\u021biunilor\u00a0<em>Cere Ofert\u0103, Chat online<\/em>\u00a0sau c\u00e2nd se impune av\u00e2nd \u00een vedere achizi\u021bionarea de pachete turistice online.<\/strong>\u00a0Aceast\u0103 furnizare voluntar\u0103 de informa\u0163ii va fi considerat\u0103 \u015fi va reprezenta consim\u0163\u0103m\u00e2ntul dumneavoastr\u0103 expres ca datele dumneavoastr\u0103 personale s\u0103 fie folosite de Sc Transimpex Bravo Mara Srl \u00een conformitate cu termenii Regulamentului (UE) 2016\/679 (GDPR).<\/p>\n\n\n\n<p>\u00cen leg\u0103tur\u0103 cu datele dumneavoastr\u0103, ave\u021bi urm\u0103toarele drepturi: dreptul de acces la datele personale, dreptul la rectificarea sau \u015ftergerea acestora, dreptul la restric\u0163ionarea prelucr\u0103rii sau dreptul de a se opune prelucr\u0103rii, precum \u015fi dreptul la portabilitatea datelor. Portabilitatea datelor presupune posibilitatea dumneavoastr\u0103 de a ne solicita s\u0103 transfer\u0103m toate datele pe care le de\u021binem unei alte persoane indicate expres de c\u0103tre dumneavoastr\u0103.<\/p>\n\n\n\n<p>Pentru a trimite o solicitare privind datele dvs. personale prin e-mail, po\u0219t\u0103 sau telefon, utiliza\u021bi informa\u021biile de contact furnizate. Vom r\u0103spunde solicit\u0103rilor dumneavoastr\u0103 \u00een maxim 30 de zile de la data solicit\u0103rii.<\/p>\n\n\n\n<p><strong>5. For\u021ba major\u0103<\/strong><\/p>\n\n\n\n<p>Site-ul, afilia\u021bii \u0219i \u00een general, furnizorii de informa\u021bie c\u0103tre site nu pot fi \u021binu\u021bi responsabili pentru nici o \u00eent\u00e2rziere sau eroare \u00een con\u021binutul furnizat de publica\u021biile noastre, rezult\u00e2nd direct sau indirect din cauze care nu depind de vointa \u0219ite-ului. Aceast\u0103 exonerare include, dar nu se limiteaz\u0103 la: erorile de func\u021bionare a echipamentului tehnic, lipsa func\u021bion\u0103rii conexiunii la internet, lipsa func\u021bion\u0103rii conexiunilor de telefon, viru\u0219ii informatici, accesul neautorizat in sistemele site-ului, erorile de operare, greva, etc.<\/p>\n\n\n\n<p><strong>6. Legea care guverneaza acordul<\/strong><\/p>\n\n\n\n<p>Drepturile si obligatiile partilor, impuse de prezentul acord, precum si toate efectele juridice pe care le produce prezentul acord vor fi interpretate si guvernate de legea romana in vigoare. Orice litigiu care are ca obiect acest acord va fi adus spre solutionare in fata instantelor de judecat\u0103 din Rom\u00e2nia.<\/p>\n\n\n\n<p><strong>7. Dispozi\u021bii finale<\/strong><\/p>\n\n\n\n<p>Termenii \u0219i condi\u021biile sunt aplicabile \u00een momentul acces\u0103rii acestui Site. V\u0103 mul\u021bumim pentru faptul c\u0103 a\u021bi ales s\u0103 fi\u021bi vizitatorii no\u0219tri!<\/p>\n","protected":false},"excerpt":{"rendered":"<p>Cine suntem Website-ul\u00a0este administrat de Sc Transimpex Bravo Mara Srl, persoan\u0103 juridic\u0103 avand sediul \u00een Reghin, inregistrata la Registrul Comertului sub nr. J26\/180\/2013, Cod Unic de<span class=\"excerpt-hellip\"> [\u2026]<\/span><\/p>\n","protected":false},"author":1,"featured_media":0,"parent":0,"menu_order":0,"comment_status":"closed","ping_status":"closed","template":"","meta":{"inline_featured_image":false,"footnotes":""},"class_list":["post-3","page","type-page","status-publish","hentry"],"yoast_head":"<!-- This site is optimized with the Yoast SEO plugin v27.5 - https:\/\/yoast.com\/product\/yoast-seo-wordpress\/ -->\n<title>Termeni si Conditii - Taxi Bravo - Reghin<\/title>\n<meta name=\"robots\" content=\"index, follow, max-snippet:-1, max-image-preview:large, max-video-preview:-1\" \/>\n<link rel=\"canonical\" href=\"https:\/\/www.inreghin.ro\/taxi-bravo\/termeni-si-conditii\/\" \/>\n<meta property=\"og:locale\" content=\"en_US\" \/>\n<meta property=\"og:type\" content=\"article\" \/>\n<meta property=\"og:title\" content=\"Termeni si Conditii - Taxi Bravo - Reghin\" \/>\n<meta property=\"og:description\" content=\"Cine suntem Website-ul\u00a0este administrat de Sc Transimpex Bravo Mara Srl, persoan\u0103 juridic\u0103 avand sediul \u00een Reghin, inregistrata la Registrul Comertului sub nr. J26\/180\/2013, Cod Unic de [\u2026]\" \/>\n<meta property=\"og:url\" content=\"https:\/\/www.inreghin.ro\/taxi-bravo\/termeni-si-conditii\/\" \/>\n<meta property=\"og:site_name\" content=\"Taxi Bravo - Reghin\" \/>\n<meta property=\"article:modified_time\" content=\"2022-02-01T17:14:03+00:00\" \/>\n<meta name=\"twitter:card\" content=\"summary_large_image\" \/>\n<meta name=\"twitter:label1\" content=\"Est. reading time\" \/>\n\t<meta name=\"twitter:data1\" content=\"3 minutes\" \/>\n<script type=\"application\/ld+json\" class=\"yoast-schema-graph\">{\"@context\":\"https:\\\/\\\/schema.org\",\"@graph\":[{\"@type\":\"WebPage\",\"@id\":\"https:\\\/\\\/www.inreghin.ro\\\/taxi-bravo\\\/termeni-si-conditii\\\/\",\"url\":\"https:\\\/\\\/www.inreghin.ro\\\/taxi-bravo\\\/termeni-si-conditii\\\/\",\"name\":\"Termeni si Conditii - Taxi Bravo - Reghin\",\"isPartOf\":{\"@id\":\"https:\\\/\\\/www.inreghin.ro\\\/taxi-bravo\\\/#website\"},\"datePublished\":\"2019-08-07T14:06:44+00:00\",\"dateModified\":\"2022-02-01T17:14:03+00:00\",\"breadcrumb\":{\"@id\":\"https:\\\/\\\/www.inreghin.ro\\\/taxi-bravo\\\/termeni-si-conditii\\\/#breadcrumb\"},\"inLanguage\":\"en-US\",\"potentialAction\":[{\"@type\":\"ReadAction\",\"target\":[\"https:\\\/\\\/www.inreghin.ro\\\/taxi-bravo\\\/termeni-si-conditii\\\/\"]}]},{\"@type\":\"BreadcrumbList\",\"@id\":\"https:\\\/\\\/www.inreghin.ro\\\/taxi-bravo\\\/termeni-si-conditii\\\/#breadcrumb\",\"itemListElement\":[{\"@type\":\"ListItem\",\"position\":1,\"name\":\"Home\",\"item\":\"https:\\\/\\\/www.inreghin.ro\\\/taxi-bravo\\\/\"},{\"@type\":\"ListItem\",\"position\":2,\"name\":\"Termeni si Conditii\"}]},{\"@type\":\"WebSite\",\"@id\":\"https:\\\/\\\/www.inreghin.ro\\\/taxi-bravo\\\/#website\",\"url\":\"https:\\\/\\\/www.inreghin.ro\\\/taxi-bravo\\\/\",\"name\":\"Taxi Bravo - Reghin\",\"description\":\"Taxi Bravo\",\"potentialAction\":[{\"@type\":\"SearchAction\",\"target\":{\"@type\":\"EntryPoint\",\"urlTemplate\":\"https:\\\/\\\/www.inreghin.ro\\\/taxi-bravo\\\/?s={search_term_string}\"},\"query-input\":{\"@type\":\"PropertyValueSpecification\",\"valueRequired\":true,\"valueName\":\"search_term_string\"}}],\"inLanguage\":\"en-US\"}]}<\/script>\n<!-- \/ Yoast SEO plugin. -->","yoast_head_json":{"title":"Termeni si Conditii - Taxi Bravo - Reghin","robots":{"index":"index","follow":"follow","max-snippet":"max-snippet:-1","max-image-preview":"max-image-preview:large","max-video-preview":"max-video-preview:-1"},"canonical":"https:\/\/www.inreghin.ro\/taxi-bravo\/termeni-si-conditii\/","og_locale":"en_US","og_type":"article","og_title":"Termeni si Conditii - Taxi Bravo - Reghin","og_description":"Cine suntem Website-ul\u00a0este administrat de Sc Transimpex Bravo Mara Srl, persoan\u0103 juridic\u0103 avand sediul \u00een Reghin, inregistrata la Registrul Comertului sub nr. J26\/180\/2013, Cod Unic de [\u2026]","og_url":"https:\/\/www.inreghin.ro\/taxi-bravo\/termeni-si-conditii\/","og_site_name":"Taxi Bravo - Reghin","article_modified_time":"2022-02-01T17:14:03+00:00","twitter_card":"summary_large_image","twitter_misc":{"Est. reading time":"3 minutes"},"schema":{"@context":"https:\/\/schema.org","@graph":[{"@type":"WebPage","@id":"https:\/\/www.inreghin.ro\/taxi-bravo\/termeni-si-conditii\/","url":"https:\/\/www.inreghin.ro\/taxi-bravo\/termeni-si-conditii\/","name":"Termeni si Conditii - Taxi Bravo - Reghin","isPartOf":{"@id":"https:\/\/www.inreghin.ro\/taxi-bravo\/#website"},"datePublished":"2019-08-07T14:06:44+00:00","dateModified":"2022-02-01T17:14:03+00:00","breadcrumb":{"@id":"https:\/\/www.inreghin.ro\/taxi-bravo\/termeni-si-conditii\/#breadcrumb"},"inLanguage":"en-US","potentialAction":[{"@type":"ReadAction","target":["https:\/\/www.inreghin.ro\/taxi-bravo\/termeni-si-conditii\/"]}]},{"@type":"BreadcrumbList","@id":"https:\/\/www.inreghin.ro\/taxi-bravo\/termeni-si-conditii\/#breadcrumb","itemListElement":[{"@type":"ListItem","position":1,"name":"Home","item":"https:\/\/www.inreghin.ro\/taxi-bravo\/"},{"@type":"ListItem","position":2,"name":"Termeni si Conditii"}]},{"@type":"WebSite","@id":"https:\/\/www.inreghin.ro\/taxi-bravo\/#website","url":"https:\/\/www.inreghin.ro\/taxi-bravo\/","name":"Taxi Bravo - Reghin","description":"Taxi Bravo","potentialAction":[{"@type":"SearchAction","target":{"@type":"EntryPoint","urlTemplate":"https:\/\/www.inreghin.ro\/taxi-bravo\/?s={search_term_string}"},"query-input":{"@type":"PropertyValueSpecification","valueRequired":true,"valueName":"search_term_string"}}],"inLanguage":"en-US"}]}},"_links":{"self":[{"href":"https:\/\/www.inreghin.ro\/taxi-bravo\/wp-json\/wp\/v2\/pages\/3","targetHints":{"allow":["GET"]}}],"collection":[{"href":"https:\/\/www.inreghin.ro\/taxi-bravo\/wp-json\/wp\/v2\/pages"}],"about":[{"href":"https:\/\/www.inreghin.ro\/taxi-bravo\/wp-json\/wp\/v2\/types\/page"}],"author":[{"embeddable":true,"href":"https:\/\/www.inreghin.ro\/taxi-bravo\/wp-json\/wp\/v2\/users\/1"}],"replies":[{"embeddable":true,"href":"https:\/\/www.inreghin.ro\/taxi-bravo\/wp-json\/wp\/v2\/comments?post=3"}],"version-history":[{"count":3,"href":"https:\/\/www.inreghin.ro\/taxi-bravo\/wp-json\/wp\/v2\/pages\/3\/revisions"}],"predecessor-version":[{"id":99,"href":"https:\/\/www.inreghin.ro\/taxi-bravo\/wp-json\/wp\/v2\/pages\/3\/revisions\/99"}],"wp:attachment":[{"href":"https:\/\/www.inreghin.ro\/taxi-bravo\/wp-json\/wp\/v2\/media?parent=3"}],"curies":[{"name":"wp","href":"https:\/\/api.w.org\/{rel}","templated":true}]}}