{"id":2,"date":"2019-08-07T14:06:44","date_gmt":"2019-08-07T14:06:44","guid":{"rendered":"https:\/\/themes.muffingroup.com\/be\/taxi2\/?page_id=2"},"modified":"2022-02-05T20:54:15","modified_gmt":"2022-02-05T20:54:15","slug":"home","status":"publish","type":"page","link":"https:\/\/www.inreghin.ro\/taxi-bravo\/","title":{"rendered":"Acasa"},"content":{"rendered":"","protected":false},"excerpt":{"rendered":"","protected":false},"author":1,"featured_media":0,"parent":0,"menu_order":0,"comment_status":"closed","ping_status":"closed","template":"","meta":{"inline_featured_image":false,"footnotes":""},"class_list":["post-2","page","type-page","status-publish","hentry"],"yoast_head":"<!-- This site is optimized with the Yoast SEO plugin v27.5 - https:\/\/yoast.com\/product\/yoast-seo-wordpress\/ -->\n<title>Pentru transportul tau in siguranta - Taxi Bravo - Reghin<\/title>\n<meta name=\"description\" content=\"Dac\u0103 \u00ee\u021bi dore\u0219ti ca drumul t\u0103u s\u0103 fie una de calitate, care s\u0103 fie pl\u0103cut si rapid, ai ajuns \u00een locul potrivit!\" \/>\n<meta name=\"robots\" content=\"index, follow, max-snippet:-1, max-image-preview:large, max-video-preview:-1\" \/>\n<link rel=\"canonical\" href=\"https:\/\/www.inreghin.ro\/taxi-bravo\/\" \/>\n<meta property=\"og:locale\" content=\"en_US\" \/>\n<meta property=\"og:type\" content=\"article\" \/>\n<meta property=\"og:title\" content=\"Pentru transportul tau in siguranta - Taxi Bravo - Reghin\" \/>\n<meta property=\"og:description\" content=\"Dac\u0103 \u00ee\u021bi dore\u0219ti ca drumul t\u0103u s\u0103 fie una de calitate, care s\u0103 fie pl\u0103cut si rapid, ai ajuns \u00een locul potrivit!\" \/>\n<meta property=\"og:url\" content=\"https:\/\/www.inreghin.ro\/taxi-bravo\/\" \/>\n<meta property=\"og:site_name\" content=\"Taxi Bravo - Reghin\" \/>\n<meta property=\"article:modified_time\" content=\"2022-02-05T20:54:15+00:00\" \/>\n<meta name=\"twitter:card\" content=\"summary_large_image\" \/>\n<script type=\"application\/ld+json\" class=\"yoast-schema-graph\">{\"@context\":\"https:\\\/\\\/schema.org\",\"@graph\":[{\"@type\":\"WebPage\",\"@id\":\"https:\\\/\\\/www.inreghin.ro\\\/taxi-bravo\\\/\",\"url\":\"https:\\\/\\\/www.inreghin.ro\\\/taxi-bravo\\\/\",\"name\":\"Pentru transportul tau in siguranta - Taxi Bravo - Reghin\",\"isPartOf\":{\"@id\":\"https:\\\/\\\/www.inreghin.ro\\\/taxi-bravo\\\/#website\"},\"datePublished\":\"2019-08-07T14:06:44+00:00\",\"dateModified\":\"2022-02-05T20:54:15+00:00\",\"description\":\"Dac\u0103 \u00ee\u021bi dore\u0219ti ca drumul t\u0103u s\u0103 fie una de calitate, care s\u0103 fie pl\u0103cut si rapid, ai ajuns \u00een locul potrivit!\",\"breadcrumb\":{\"@id\":\"https:\\\/\\\/www.inreghin.ro\\\/taxi-bravo\\\/#breadcrumb\"},\"inLanguage\":\"en-US\",\"potentialAction\":[{\"@type\":\"ReadAction\",\"target\":[\"https:\\\/\\\/www.inreghin.ro\\\/taxi-bravo\\\/\"]}]},{\"@type\":\"BreadcrumbList\",\"@id\":\"https:\\\/\\\/www.inreghin.ro\\\/taxi-bravo\\\/#breadcrumb\",\"itemListElement\":[{\"@type\":\"ListItem\",\"position\":1,\"name\":\"Home\",\"item\":\"https:\\\/\\\/www.inreghin.ro\\\/taxi-bravo\\\/\"},{\"@type\":\"ListItem\",\"position\":2,\"name\":\"Acasa\"}]},{\"@type\":\"WebSite\",\"@id\":\"https:\\\/\\\/www.inreghin.ro\\\/taxi-bravo\\\/#website\",\"url\":\"https:\\\/\\\/www.inreghin.ro\\\/taxi-bravo\\\/\",\"name\":\"Taxi Bravo - Reghin\",\"description\":\"Taxi Bravo\",\"potentialAction\":[{\"@type\":\"SearchAction\",\"target\":{\"@type\":\"EntryPoint\",\"urlTemplate\":\"https:\\\/\\\/www.inreghin.ro\\\/taxi-bravo\\\/?s={search_term_string}\"},\"query-input\":{\"@type\":\"PropertyValueSpecification\",\"valueRequired\":true,\"valueName\":\"search_term_string\"}}],\"inLanguage\":\"en-US\"}]}<\/script>\n<!-- \/ Yoast SEO plugin. -->","yoast_head_json":{"title":"Pentru transportul tau in siguranta - Taxi Bravo - Reghin","description":"Dac\u0103 \u00ee\u021bi dore\u0219ti ca drumul t\u0103u s\u0103 fie una de calitate, care s\u0103 fie pl\u0103cut si rapid, ai ajuns \u00een locul potrivit!","robots":{"index":"index","follow":"follow","max-snippet":"max-snippet:-1","max-image-preview":"max-image-preview:large","max-video-preview":"max-video-preview:-1"},"canonical":"https:\/\/www.inreghin.ro\/taxi-bravo\/","og_locale":"en_US","og_type":"article","og_title":"Pentru transportul tau in siguranta - Taxi Bravo - Reghin","og_description":"Dac\u0103 \u00ee\u021bi dore\u0219ti ca drumul t\u0103u s\u0103 fie una de calitate, care s\u0103 fie pl\u0103cut si rapid, ai ajuns \u00een locul potrivit!","og_url":"https:\/\/www.inreghin.ro\/taxi-bravo\/","og_site_name":"Taxi Bravo - Reghin","article_modified_time":"2022-02-05T20:54:15+00:00","twitter_card":"summary_large_image","schema":{"@context":"https:\/\/schema.org","@graph":[{"@type":"WebPage","@id":"https:\/\/www.inreghin.ro\/taxi-bravo\/","url":"https:\/\/www.inreghin.ro\/taxi-bravo\/","name":"Pentru transportul tau in siguranta - Taxi Bravo - Reghin","isPartOf":{"@id":"https:\/\/www.inreghin.ro\/taxi-bravo\/#website"},"datePublished":"2019-08-07T14:06:44+00:00","dateModified":"2022-02-05T20:54:15+00:00","description":"Dac\u0103 \u00ee\u021bi dore\u0219ti ca drumul t\u0103u s\u0103 fie una de calitate, care s\u0103 fie pl\u0103cut si rapid, ai ajuns \u00een locul potrivit!","breadcrumb":{"@id":"https:\/\/www.inreghin.ro\/taxi-bravo\/#breadcrumb"},"inLanguage":"en-US","potentialAction":[{"@type":"ReadAction","target":["https:\/\/www.inreghin.ro\/taxi-bravo\/"]}]},{"@type":"BreadcrumbList","@id":"https:\/\/www.inreghin.ro\/taxi-bravo\/#breadcrumb","itemListElement":[{"@type":"ListItem","position":1,"name":"Home","item":"https:\/\/www.inreghin.ro\/taxi-bravo\/"},{"@type":"ListItem","position":2,"name":"Acasa"}]},{"@type":"WebSite","@id":"https:\/\/www.inreghin.ro\/taxi-bravo\/#website","url":"https:\/\/www.inreghin.ro\/taxi-bravo\/","name":"Taxi Bravo - Reghin","description":"Taxi Bravo","potentialAction":[{"@type":"SearchAction","target":{"@type":"EntryPoint","urlTemplate":"https:\/\/www.inreghin.ro\/taxi-bravo\/?s={search_term_string}"},"query-input":{"@type":"PropertyValueSpecification","valueRequired":true,"valueName":"search_term_string"}}],"inLanguage":"en-US"}]}},"_links":{"self":[{"href":"https:\/\/www.inreghin.ro\/taxi-bravo\/wp-json\/wp\/v2\/pages\/2","targetHints":{"allow":["GET"]}}],"collection":[{"href":"https:\/\/www.inreghin.ro\/taxi-bravo\/wp-json\/wp\/v2\/pages"}],"about":[{"href":"https:\/\/www.inreghin.ro\/taxi-bravo\/wp-json\/wp\/v2\/types\/page"}],"author":[{"embeddable":true,"href":"https:\/\/www.inreghin.ro\/taxi-bravo\/wp-json\/wp\/v2\/users\/1"}],"replies":[{"embeddable":true,"href":"https:\/\/www.inreghin.ro\/taxi-bravo\/wp-json\/wp\/v2\/comments?post=2"}],"version-history":[{"count":3,"href":"https:\/\/www.inreghin.ro\/taxi-bravo\/wp-json\/wp\/v2\/pages\/2\/revisions"}],"predecessor-version":[{"id":104,"href":"https:\/\/www.inreghin.ro\/taxi-bravo\/wp-json\/wp\/v2\/pages\/2\/revisions\/104"}],"wp:attachment":[{"href":"https:\/\/www.inreghin.ro\/taxi-bravo\/wp-json\/wp\/v2\/media?parent=2"}],"curies":[{"name":"wp","href":"https:\/\/api.w.org\/{rel}","templated":true}]}}