{"id":61,"date":"2020-06-17T12:57:42","date_gmt":"2020-06-17T12:57:42","guid":{"rendered":"https:\/\/themes.muffingroup.com\/be\/artist3\/?post_type=product&#038;p=61"},"modified":"2022-02-28T11:51:19","modified_gmt":"2022-02-28T09:51:19","slug":"sed-id-leo","status":"publish","type":"product","link":"https:\/\/www.inreghin.ro\/marcel-naste\/produs\/sed-id-leo\/","title":{"rendered":"Nud"},"content":{"rendered":"","protected":false},"excerpt":{"rendered":"<p>&#8222;Artistul practic\u0103 o pictur\u0103 de limbaj nu de motiv, acesta fiind numai un pretext. \u00cen tablourile lui Marcel Naste se \u00eent\u00e2lnesc trasee amintind de o logic\u0103 obi\u015fnuit\u0103 a formelor expresia energiei creatoare de factur\u0103 intelectual\u0103 \u00eempletite cu trasee spontane, imprevizibile, \u0163in\u00e2nd de hazard, amintind de Action-painting. Tu\u015fe viguroase \u00een pensul\u0103 \u015fi \u015fpaclu construiesc figura pe fondul rafinat vibrat \u00een griuri colorate.&#8221;\u00a0 \u00a0 \u00a0 Vasile Mure\u0219an<\/p>\n","protected":false},"featured_media":682,"comment_status":"closed","ping_status":"closed","template":"","meta":{"inline_featured_image":false},"product_brand":[],"product_cat":[16],"product_tag":[],"class_list":{"0":"post-61","1":"product","2":"type-product","3":"status-publish","4":"has-post-thumbnail","6":"product_cat-pictura-moderna","8":"first","9":"instock","10":"taxable","11":"shipping-taxable","12":"purchasable","13":"product-type-simple"},"yoast_head":"<!-- This site is optimized with the Yoast SEO plugin v27.5 - https:\/\/yoast.com\/product\/yoast-seo-wordpress\/ -->\n<title>Nud - Marcel Naste - despre cultur\u0103 \u0219i crea\u021bie<\/title>\n<meta name=\"robots\" content=\"index, follow, max-snippet:-1, max-image-preview:large, max-video-preview:-1\" \/>\n<link rel=\"canonical\" href=\"https:\/\/www.inreghin.ro\/marcel-naste\/produs\/sed-id-leo\/\" \/>\n<meta property=\"og:locale\" content=\"ro_RO\" \/>\n<meta property=\"og:type\" content=\"article\" \/>\n<meta property=\"og:title\" content=\"Nud - Marcel Naste - despre cultur\u0103 \u0219i crea\u021bie\" \/>\n<meta property=\"og:description\" content=\"&quot;Artistul practic\u0103 o pictur\u0103 de limbaj nu de motiv, acesta fiind numai un pretext. \u00cen tablourile lui Marcel Naste se \u00eent\u00e2lnesc trasee amintind de o logic\u0103 obi\u015fnuit\u0103 a formelor expresia energiei creatoare de factur\u0103 intelectual\u0103 \u00eempletite cu trasee spontane, imprevizibile, \u0163in\u00e2nd de hazard, amintind de Action-painting. Tu\u015fe viguroase \u00een pensul\u0103 \u015fi \u015fpaclu construiesc figura pe fondul rafinat vibrat \u00een griuri colorate.&quot;\u00a0 \u00a0 \u00a0 Vasile Mure\u0219an\" \/>\n<meta property=\"og:url\" content=\"https:\/\/www.inreghin.ro\/marcel-naste\/produs\/sed-id-leo\/\" \/>\n<meta property=\"og:site_name\" content=\"Marcel Naste - despre cultur\u0103 \u0219i crea\u021bie\" \/>\n<meta property=\"article:modified_time\" content=\"2022-02-28T09:51:19+00:00\" \/>\n<meta property=\"og:image\" content=\"https:\/\/www.inreghin.ro\/marcel-naste\/wp-content\/uploads\/sites\/2\/2020\/06\/46667948_331130880775120_2345718662410797056_o.jpg\" \/>\n\t<meta property=\"og:image:width\" content=\"1791\" \/>\n\t<meta property=\"og:image:height\" content=\"1035\" \/>\n\t<meta property=\"og:image:type\" content=\"image\/jpeg\" \/>\n<meta name=\"twitter:card\" content=\"summary_large_image\" \/>\n<script type=\"application\/ld+json\" class=\"yoast-schema-graph\">{\"@context\":\"https:\\\/\\\/schema.org\",\"@graph\":[{\"@type\":\"WebPage\",\"@id\":\"https:\\\/\\\/www.inreghin.ro\\\/marcel-naste\\\/produs\\\/sed-id-leo\\\/\",\"url\":\"https:\\\/\\\/www.inreghin.ro\\\/marcel-naste\\\/produs\\\/sed-id-leo\\\/\",\"name\":\"Nud - Marcel Naste - despre cultur\u0103 \u0219i crea\u021bie\",\"isPartOf\":{\"@id\":\"https:\\\/\\\/www.inreghin.ro\\\/marcel-naste\\\/#website\"},\"primaryImageOfPage\":{\"@id\":\"https:\\\/\\\/www.inreghin.ro\\\/marcel-naste\\\/produs\\\/sed-id-leo\\\/#primaryimage\"},\"image\":{\"@id\":\"https:\\\/\\\/www.inreghin.ro\\\/marcel-naste\\\/produs\\\/sed-id-leo\\\/#primaryimage\"},\"thumbnailUrl\":\"https:\\\/\\\/www.inreghin.ro\\\/marcel-naste\\\/wp-content\\\/uploads\\\/sites\\\/2\\\/2020\\\/06\\\/46667948_331130880775120_2345718662410797056_o.jpg\",\"datePublished\":\"2020-06-17T12:57:42+00:00\",\"dateModified\":\"2022-02-28T09:51:19+00:00\",\"breadcrumb\":{\"@id\":\"https:\\\/\\\/www.inreghin.ro\\\/marcel-naste\\\/produs\\\/sed-id-leo\\\/#breadcrumb\"},\"inLanguage\":\"ro-RO\",\"potentialAction\":[{\"@type\":\"ReadAction\",\"target\":[\"https:\\\/\\\/www.inreghin.ro\\\/marcel-naste\\\/produs\\\/sed-id-leo\\\/\"]}]},{\"@type\":\"ImageObject\",\"inLanguage\":\"ro-RO\",\"@id\":\"https:\\\/\\\/www.inreghin.ro\\\/marcel-naste\\\/produs\\\/sed-id-leo\\\/#primaryimage\",\"url\":\"https:\\\/\\\/www.inreghin.ro\\\/marcel-naste\\\/wp-content\\\/uploads\\\/sites\\\/2\\\/2020\\\/06\\\/46667948_331130880775120_2345718662410797056_o.jpg\",\"contentUrl\":\"https:\\\/\\\/www.inreghin.ro\\\/marcel-naste\\\/wp-content\\\/uploads\\\/sites\\\/2\\\/2020\\\/06\\\/46667948_331130880775120_2345718662410797056_o.jpg\",\"width\":1791,\"height\":1035},{\"@type\":\"BreadcrumbList\",\"@id\":\"https:\\\/\\\/www.inreghin.ro\\\/marcel-naste\\\/produs\\\/sed-id-leo\\\/#breadcrumb\",\"itemListElement\":[{\"@type\":\"ListItem\",\"position\":1,\"name\":\"Home\",\"item\":\"https:\\\/\\\/www.inreghin.ro\\\/marcel-naste\\\/\"},{\"@type\":\"ListItem\",\"position\":2,\"name\":\"Magazin\",\"item\":\"https:\\\/\\\/www.inreghin.ro\\\/marcel-naste\\\/magazin\\\/\"},{\"@type\":\"ListItem\",\"position\":3,\"name\":\"Nud\"}]},{\"@type\":\"WebSite\",\"@id\":\"https:\\\/\\\/www.inreghin.ro\\\/marcel-naste\\\/#website\",\"url\":\"https:\\\/\\\/www.inreghin.ro\\\/marcel-naste\\\/\",\"name\":\"Marcel Naste - despre cultur\u0103 \u0219i crea\u021bie\",\"description\":\"\",\"potentialAction\":[{\"@type\":\"SearchAction\",\"target\":{\"@type\":\"EntryPoint\",\"urlTemplate\":\"https:\\\/\\\/www.inreghin.ro\\\/marcel-naste\\\/?s={search_term_string}\"},\"query-input\":{\"@type\":\"PropertyValueSpecification\",\"valueRequired\":true,\"valueName\":\"search_term_string\"}}],\"inLanguage\":\"ro-RO\"}]}<\/script>\n<!-- \/ Yoast SEO plugin. -->","yoast_head_json":{"title":"Nud - Marcel Naste - despre cultur\u0103 \u0219i crea\u021bie","robots":{"index":"index","follow":"follow","max-snippet":"max-snippet:-1","max-image-preview":"max-image-preview:large","max-video-preview":"max-video-preview:-1"},"canonical":"https:\/\/www.inreghin.ro\/marcel-naste\/produs\/sed-id-leo\/","og_locale":"ro_RO","og_type":"article","og_title":"Nud - Marcel Naste - despre cultur\u0103 \u0219i crea\u021bie","og_description":"\"Artistul practic\u0103 o pictur\u0103 de limbaj nu de motiv, acesta fiind numai un pretext. \u00cen tablourile lui Marcel Naste se \u00eent\u00e2lnesc trasee amintind de o logic\u0103 obi\u015fnuit\u0103 a formelor expresia energiei creatoare de factur\u0103 intelectual\u0103 \u00eempletite cu trasee spontane, imprevizibile, \u0163in\u00e2nd de hazard, amintind de Action-painting. Tu\u015fe viguroase \u00een pensul\u0103 \u015fi \u015fpaclu construiesc figura pe fondul rafinat vibrat \u00een griuri colorate.\"\u00a0 \u00a0 \u00a0 Vasile Mure\u0219an","og_url":"https:\/\/www.inreghin.ro\/marcel-naste\/produs\/sed-id-leo\/","og_site_name":"Marcel Naste - despre cultur\u0103 \u0219i crea\u021bie","article_modified_time":"2022-02-28T09:51:19+00:00","og_image":[{"width":1791,"height":1035,"url":"https:\/\/www.inreghin.ro\/marcel-naste\/wp-content\/uploads\/sites\/2\/2020\/06\/46667948_331130880775120_2345718662410797056_o.jpg","type":"image\/jpeg"}],"twitter_card":"summary_large_image","schema":{"@context":"https:\/\/schema.org","@graph":[{"@type":"WebPage","@id":"https:\/\/www.inreghin.ro\/marcel-naste\/produs\/sed-id-leo\/","url":"https:\/\/www.inreghin.ro\/marcel-naste\/produs\/sed-id-leo\/","name":"Nud - Marcel Naste - despre cultur\u0103 \u0219i crea\u021bie","isPartOf":{"@id":"https:\/\/www.inreghin.ro\/marcel-naste\/#website"},"primaryImageOfPage":{"@id":"https:\/\/www.inreghin.ro\/marcel-naste\/produs\/sed-id-leo\/#primaryimage"},"image":{"@id":"https:\/\/www.inreghin.ro\/marcel-naste\/produs\/sed-id-leo\/#primaryimage"},"thumbnailUrl":"https:\/\/www.inreghin.ro\/marcel-naste\/wp-content\/uploads\/sites\/2\/2020\/06\/46667948_331130880775120_2345718662410797056_o.jpg","datePublished":"2020-06-17T12:57:42+00:00","dateModified":"2022-02-28T09:51:19+00:00","breadcrumb":{"@id":"https:\/\/www.inreghin.ro\/marcel-naste\/produs\/sed-id-leo\/#breadcrumb"},"inLanguage":"ro-RO","potentialAction":[{"@type":"ReadAction","target":["https:\/\/www.inreghin.ro\/marcel-naste\/produs\/sed-id-leo\/"]}]},{"@type":"ImageObject","inLanguage":"ro-RO","@id":"https:\/\/www.inreghin.ro\/marcel-naste\/produs\/sed-id-leo\/#primaryimage","url":"https:\/\/www.inreghin.ro\/marcel-naste\/wp-content\/uploads\/sites\/2\/2020\/06\/46667948_331130880775120_2345718662410797056_o.jpg","contentUrl":"https:\/\/www.inreghin.ro\/marcel-naste\/wp-content\/uploads\/sites\/2\/2020\/06\/46667948_331130880775120_2345718662410797056_o.jpg","width":1791,"height":1035},{"@type":"BreadcrumbList","@id":"https:\/\/www.inreghin.ro\/marcel-naste\/produs\/sed-id-leo\/#breadcrumb","itemListElement":[{"@type":"ListItem","position":1,"name":"Home","item":"https:\/\/www.inreghin.ro\/marcel-naste\/"},{"@type":"ListItem","position":2,"name":"Magazin","item":"https:\/\/www.inreghin.ro\/marcel-naste\/magazin\/"},{"@type":"ListItem","position":3,"name":"Nud"}]},{"@type":"WebSite","@id":"https:\/\/www.inreghin.ro\/marcel-naste\/#website","url":"https:\/\/www.inreghin.ro\/marcel-naste\/","name":"Marcel Naste - despre cultur\u0103 \u0219i crea\u021bie","description":"","potentialAction":[{"@type":"SearchAction","target":{"@type":"EntryPoint","urlTemplate":"https:\/\/www.inreghin.ro\/marcel-naste\/?s={search_term_string}"},"query-input":{"@type":"PropertyValueSpecification","valueRequired":true,"valueName":"search_term_string"}}],"inLanguage":"ro-RO"}]}},"_links":{"self":[{"href":"https:\/\/www.inreghin.ro\/marcel-naste\/wp-json\/wp\/v2\/product\/61","targetHints":{"allow":["GET"]}}],"collection":[{"href":"https:\/\/www.inreghin.ro\/marcel-naste\/wp-json\/wp\/v2\/product"}],"about":[{"href":"https:\/\/www.inreghin.ro\/marcel-naste\/wp-json\/wp\/v2\/types\/product"}],"replies":[{"embeddable":true,"href":"https:\/\/www.inreghin.ro\/marcel-naste\/wp-json\/wp\/v2\/comments?post=61"}],"wp:featuredmedia":[{"embeddable":true,"href":"https:\/\/www.inreghin.ro\/marcel-naste\/wp-json\/wp\/v2\/media\/682"}],"wp:attachment":[{"href":"https:\/\/www.inreghin.ro\/marcel-naste\/wp-json\/wp\/v2\/media?parent=61"}],"wp:term":[{"taxonomy":"product_brand","embeddable":true,"href":"https:\/\/www.inreghin.ro\/marcel-naste\/wp-json\/wp\/v2\/product_brand?post=61"},{"taxonomy":"product_cat","embeddable":true,"href":"https:\/\/www.inreghin.ro\/marcel-naste\/wp-json\/wp\/v2\/product_cat?post=61"},{"taxonomy":"product_tag","embeddable":true,"href":"https:\/\/www.inreghin.ro\/marcel-naste\/wp-json\/wp\/v2\/product_tag?post=61"}],"curies":[{"name":"wp","href":"https:\/\/api.w.org\/{rel}","templated":true}]}}